prime?
True
Is (5 - 0) + (-1158)/4*1012/(-3) a prime number?
False
Suppose 89*b + 62*b = 142813220 - 13372849. Is b a composite number?
False
Suppose -15241 = -8*v + 2383. Let w = v + -1402. Suppose -8*k = -8745 + w. Is k prime?
False
Let q = 562008 - 344110. Is q a composite number?
True
Is -1*195542*(-1 - (-30)/60) a composite number?
False
Is (14/28)/(2/541204) a prime number?
True
Let l(w) = 5*w**3 - 21*w**2 + 47*w - 16. Is l(27) a prime number?
False
Let i(t) be the third derivative of 3*t**6/40 + t**5/30 - 31*t**3/6 + 2*t**2 + 99*t. Is i(8) composite?
True
Let j = 304 + -306. Is (-1 + -1)*1055/j composite?
True
Let i(n) = 169*n + 9. Let o(y) be the first derivative of -169*y**2/2 - 8*y + 8. Let u(h) = 3*i(h) + 4*o(h). Is u(-6) a composite number?
False
Let s = 59 + -60. Is 1152/54 - s/(-3) composite?
True
Suppose -54*f + 49*f = 4*y - 457563, 4*f - 366000 = 4*y. Is f a prime number?
False
Let l(m) be the first derivative of 25*m**2 + 15*m - 1. Let z be ((-3 - -5) + -6)*(-5)/4. Is l(z) composite?
True
Suppose 53270 = 2*d + 4*z, 0 = -8*d + 5*d + 3*z + 79842. Is d prime?
False
Let d be (-24)/32 - 890*100/32. Let a = d - -5084. Is a a composite number?
True
Suppose 0 = -6*b + 33 - 3. Suppose 2*p + 5*r = 3124, 3*p + 2*p = -b*r + 7825. Is p prime?
True
Suppose 41676 = 5*w - 3304. Suppose -2*c - 2*b = -w, -2*c - 5*b + 10978 = 1979. Suppose -3*y + c + 2790 = 2*s, 4*y + 5*s = 9716. Is y composite?
True
Suppose -4*w = c - 6676104, -7*w + 3338042 = -5*w + 3*c. Is w a composite number?
False
Let w(d) = d**2 - 6. Let z be w(3). Suppose 40401 = 3*p - z*y, -6*p - 4*y + 26928 = -4*p. Is p a prime number?
False
Suppose 0 = 3*z - 2*s - 8 - 3, z - s - 4 = 0. Is (537/(-6))/(z*(-6)/1116) a prime number?
False
Suppose -16*a = 6 - 118. Is 77186/a + 117/273 a prime number?
True
Let b(j) = 117*j**2 + 2*j + 21. Let p be b(-7). Suppose -20000 = 5*d + 2*y, 3*d + y + p + 6261 = 0. Let r = d - -7711. Is r a prime number?
True
Suppose -94*u - 9*u + 15927302 = 0. Is u prime?
False
Let y be 7*-1 + (-3024)/(-84). Let u(t) = 2*t**3 + 12*t**2 - 36*t + 13. Is u(y) composite?
False
Let u = 5830 - -91669. Is u a prime number?
True
Let h be (-156)/(-8) - 3 - 9/(-6). Let n be 3014 - 1/(-3)*(24 - h). Suppose 4*k = 4*s - n, 4*s + 0*k + k - 3001 = 0. Is s a prime number?
True
Suppose 8*i + 1264 = 4*i. Let x = i + 189. Is (x/(-3))/(1/9) prime?
False
Let w(s) be the second derivative of -227*s**6/120 - s**5/60 - s**4/24 - s**3/6 + 2*s**2 - 17*s. Let o(z) be the first derivative of w(z). Is o(-1) prime?
False
Let y = -1259 + 1973. Suppose -5*j + 7688 = p, -j + 826 = p - y. Is j a prime number?
False
Suppose 5*c - 9 - 6 = 0. Suppose -775*m = -751*m. Suppose m = -c*z - 3*z + 8886. Is z a prime number?
True
Suppose -3*b = -5*m + 310945, -90*b = -m - 88*b + 62189. Is m composite?
False
Let r be 1 - 6*(-3)/12*-4. Let d(u) = -114*u**3 - 2*u**2 - u - 8. Is d(r) prime?
True
Let j = -398024 - -625795. Is j a composite number?
True
Suppose 28*n + 198797 = 9*n. Let l = n + 15166. Is l a composite number?
False
Let a be 0 + (5 + -3 - -8) + 0. Let c(l) = 4*l**2 - l**3 + 2*l + 13 + 19*l**2 + 3*l. Is c(a) composite?
True
Suppose 23 + 151 = 6*r. Suppose -30*f = -r*f. Suppose f = -2*b + w + 444, 3*b + 5*w - 1095 = -2*b. Is b a composite number?
True
Let s(a) be the second derivative of a**5/20 + 5*a**4/3 - 5*a**3/3 + 3*a**2 - 3*a. Let m be s(-11). Let w = m - 447. Is w composite?
True
Suppose 7 - 11 = 4*o, 4*b - 4*o = 166420. Suppose -37*x + 35*x = 10, -q + 5*x = -b. Is q prime?
True
Let z be (-70)/4*(1 - (-145)/(-25)). Suppose 0 = z*i - 80*i - 25352. Is i prime?
False
Let y(m) = 2*m**3 - m**2 - m + 1649. Let t be y(0). Let n = 2211 + t. Suppose 0 = -4*q - b + 90 + 2981, -5*q + n = -3*b. Is q prime?
True
Suppose -6*l = -5*l - 1151. Let a be l/1 - (4 - 6). Let i = 1638 - a. Is i composite?
True
Is (-11 - -1) + (402816 - -1) a prime number?
False
Let f(i) = 65527*i**2 - 2*i - 4. Is f(1) a prime number?
True
Let r = 148101 - 52928. Is r composite?
True
Let m(x) = -x**2 + 32*x - 4. Let k(r) = -4*r**2 + 95*r - 12. Let l(a) = -3*k(a) + 8*m(a). Let t be l(9). Suppose i = 74 + t. Is i a prime number?
False
Is (-1)/5 - 134496/(-5) a composite number?
True
Suppose -145*c + 1094380 = -110*c. Suppose 2*j = -2*y + 15634, -4*y = -4*j - 5*y + c. Is j a prime number?
True
Is (-34)/4*(-52536760)/9316 a prime number?
False
Let j be (111/(-333))/(1/(-4110)*1). Suppose -j*b = -1374*b + 74372. Is b a prime number?
True
Suppose -4*g = 3*g - 0*g. Suppose -4*t + 2*d + 13300 = 0, g = 2*t - 0*d + 3*d - 6634. Is t composite?
False
Let p(o) = 791*o**2 + 2*o + 3. Let j = -77 + 75. Is p(j) a composite number?
False
Let s(r) = -1315*r**3 - 5*r**2 + 79*r + 42. Is s(-7) a prime number?
False
Let j(z) = -19*z**3 - 4*z**2 - 3. Let w(m) = -37*m**3 - 6*m**2 + m - 5. Let l(p) = 7*j(p) - 4*w(p). Let n = 5 + -1. Is l(n) prime?
False
Is 904/(-226) + (-1 - -272986) a prime number?
True
Suppose -3*c - 59 = -221. Let q = c - 22. Is (-906)/(-8) - 8/q composite?
False
Let o(r) = 3062*r + 627. Is o(50) composite?
True
Let h = 16235 + 2967. Is h a prime number?
False
Let p(j) = -66*j - 41. Let w be 9 + 0 + -6 + (-6 - 0). Is p(w) prime?
True
Suppose -9*g + 10*g = -4*n + 417605, n + 3 = 0. Is g composite?
False
Suppose n + 3*n = 0. Suppose 2*z - 3*p - 1005 = 442, 4*p = 12. Suppose -2*h = n, -3*c = -h - z - 553. Is c composite?
True
Let u = -62 + 34. Let k be (68/u - -3)*(3 + 4). Suppose 0 = -5*g - k*t + 2019, 0 = g - t + 5*t - 391. Is g a composite number?
True
Let o(g) = 3734*g - 35. Let v(k) = 19*k - 36. Let h be v(2). Is o(h) composite?
False
Is 3/(14*(-12)/(-3522232)) a composite number?
False
Suppose 0 = 4*g - 3*q - 5867, 2*g - q = q + 2932. Suppose 0 = -3*t + 2*z + g, -4*z + 981 = 2*t - 5*z. Is t prime?
False
Suppose -8*v = z - 4*v - 1822, 0 = 3*z + 2*v - 5506. Let l = z - 883. Is l prime?
False
Suppose 0*h - 3*h - 10 = -2*f, 5*f - 25 = 3*h. Suppose 0 = -c + 5*t + 42, 2*t = -4*c - h*c + 212. Let i = c - -75. Is i composite?
False
Let o(l) = -8*l + 2. Let u be o(-1). Suppose 4*n + 20 = 3*i, -4*n + 2*n = 5*i + u. Suppose -3*x + 5*t + 1566 = 0, -3*x + 1593 = -i*x + 4*t. Is x a prime number?
False
Is (276572/6)/((-23)/(-3) + -7) composite?
False
Is 3/(-4) - (-2 - 42/(-48)*-90658) prime?
False
Is (5 - 4)/((9/3)/471189) prime?
False
Suppose 5*x - 1755 = 3*y, 276 = x - 2*y - 82. Let w = x + -98. Let f = w - 123. Is f prime?
True
Suppose -8 = 4*d, 2*d - d = 4*s - 14. Suppose -s*a = -5*g + 3379, 10*g = 6*g + 5*a + 2698. Is g a composite number?
False
Suppose -18*j + 1051330 = 39*j + 13*j. Is j prime?
False
Is 4 + -10 - -25235 - 0 a prime number?
True
Let o = 49799 + -22180. Is o a prime number?
False
Suppose 0 = 3*g - 2*j - 40, 0 = 5*g - g + 4*j - 40. Suppose g*d - 3*d - 12141 = 0. Is d composite?
True
Suppose -252 = -4*b - 2*g + 4*g, -4*b + 3*g + 256 = 0. Let c = b + 1601. Let t = c - 1169. Is t a prime number?
False
Let w = -168698 - -246255. Is w a composite number?
False
Let p(a) = 14*a**2 + 17*a + 29. Let f be p(18). Let u = f - 2262. Is u composite?
False
Let s = -211 + 213. Suppose 0 = -2*b + 4, -s*b + 1397 = j - 3*b. Is j composite?
False
Let c(r) = -666*r - 194. Let p be c(-39). Suppose f + 4*o - 32229 = -4*f, 4*f = -4*o + p. Is f a composite number?
False
Let j(o) be the second derivative of -o**3/3 + 11*o**2 + 24*o. Let v be j(9). Suppose 2*y - 1945 + 406 = -5*c, -2297 = -3*y + v*c. Is y prime?
False
Suppose 48*a - 17*a + 20*a - 1311159 = 0. Is a composite?
True
Suppose 3*x - 4*b = 21895, -x - 3*b + 4288 = -3006. Is x a prime number?
True
Let g(i) = 42*i + 25. Suppose 3*f = f + 24. Let u(t) = t**3 - 12*t**2 + 3*t - 25. Let c be u(f). Is g(c) a composite number?
False
Let c be (7 - 1)*(-8)/(-12). Suppose 3*p + 3*n = 23541, 15718 = 7*p - 5*p - c*n. Is p prime?
False
Suppose 26302 = -110*l - 10878. Suppose 0 = 5*i + 2310 + 690. Let o = l - i. Is o a prime number?
False
Let z(s) = 32*s**3 - s - 9. Let m = -188 - -193. Is z(m) a composite number?
True
Let q = 53 + -55. Let y be (4*(-7)/56)/(q/24). Let b(a) = 23*a**2 - 13*a + 7. Is b(y) a composite number?
False
Suppose 3*f - g + 48 = -2, 35 = -f + 4*g. Let m be 0 + f/5 - (-10)/2. Is 1/m + (-3 - (-14637)/14) prime?
False
Let l = -26 + 34. Is 8 - (-3019 + l + 0) a composite number?
False
Suppos